 factors of l(-99)?
3, 2381
Suppose -2032 + 9257 = 25*m. Suppose m*w = 290*w - 36. List the prime factors of w.
2, 3
Let f(z) = -3*z**2 + 2*z + 36. Let a be f(-10). Let s = a - -472. List the prime factors of s.
2, 47
What are the prime factors of 20/(-30) + (-10626)/(-9)?
2, 5, 59
Let b(v) = 109*v + 28. Let w(s) = 73*s + 19. Let f(k) = 5*b(k) - 7*w(k). List the prime factors of f(3).
109
Let q = 3736 - 433. List the prime factors of q.
3, 367
Let y(r) = -2*r + 2. Let l be y(-2). Suppose -6328 = l*j - 34*j. List the prime factors of j.
2, 113
Let h(b) = 0*b**2 - 4*b - 4*b**2 + 7*b**2 - 2 - 2*b**2. Let c be h(8). Suppose 0 = j - 37 - c. List the prime factors of j.
67
Let i = -804 - -1016. Suppose 3*z = -4*j + 2190, -j + 2*z + 754 = i. What are the prime factors of j?
2, 3, 7, 13
Suppose -l + 5*w = -11754, l + 3*w - 9828 = 1918. List the prime factors of l.
31, 379
Let y = 242 - 176. Let p be (1 + 6)/((-2)/(-6)). Let k = p + y. List the prime factors of k.
3, 29
Let b = 31265 + -20058. What are the prime factors of b?
7, 1601
Let m(a) = -2*a + 1. Let o(c) = 19*c + 18. Let x(h) = 24*m(h) + 3*o(h). List the prime factors of x(-8).
2, 3
Let n(u) = -3*u**2 + 4*u - 5. Let j be n(2). Let s be (-24)/5*(j - -4). Let w = 44 - s. List the prime factors of w.
2, 5
Suppose 62 = 3*b - 4*n, 2*b - 2*n - 38 = -0*n. Suppose -7*y = -b*y + 1001. List the prime factors of y.
11, 13
Suppose 0 = -3*p + 2*i + 24, -2*i + 6*i + 18 = 3*p. Let l(h) = -7*h + p - 20 + 7. List the prime factors of l(-17).
2, 29
List the prime factors of (19317 - 35) + 4/2.
2, 3, 1607
Let t(c) = c**3 - 42*c**2 - 16*c - 487. What are the prime factors of t(45)?
2, 1217
Let x(p) be the third derivative of 17*p**4/2 - 5*p**3/6 - p**2 + 40. What are the prime factors of x(1)?
199
Let f be (-22)/154 - ((-2914)/14 + 0). Suppose 3*a - f = 263. Suppose -5*y - a = -3*v, -2*y = -4*v - 0*y + 228. List the prime factors of v.
59
List the prime factors of (-1 + (-15)/6)/((-40)/382960).
7, 4787
Let u(q) = 577*q - 2235. What are the prime factors of u(36)?
3, 37, 167
Let n(t) = -24*t**3 + 2*t**2. Let f be n(2). Let w(u) = -u**2 - 20*u - 3. Let d be w(-20). What are the prime factors of (d/2)/(6/f)?
2, 23
What are the prime factors of (1123/(-3) - 3/(-9))*(-147)/6?
7, 11, 17
Let b(q) = 3*q**2 + 18*q + 18. Let u be b(14). What are the prime factors of ((-174)/9 + 0)*u/(-52)?
11, 29
Suppose -5*w - 4*y = -5*y - 213, -30 = -w - 4*y. List the prime factors of 1*156 - (w - 45).
3, 53
Let u = -161 + 163. Suppose -u*m - 3*p = -932, -2*p + 393 = 3*m - 1005. What are the prime factors of m?
2, 233
Let w = 9341 + -7609. What are the prime factors of w?
2, 433
Let b(l) = 3230*l**2 + 173*l + 782. List the prime factors of b(-5).
3, 8963
Suppose -4*g + 3 = -3*g. Suppose -2*y + 59 = 3*l, l - 32 = -4*y + g*y. Suppose -360 = -y*x + 32*x. What are the prime factors of x?
2, 3
Let s = -88 + 82. Let n(p) = -44*p - 5. Let l be n(s). Let x = -84 + l. List the prime factors of x.
5, 7
Let o(x) be the third derivative of 13*x**4/8 - 15*x**3 + 33*x**2. List the prime factors of o(14).
2, 3, 19
Let n = 43762 - 23294. List the prime factors of n.
2, 7, 17, 43
Let p = 34 + -30. Suppose -4*u = n - 190, 222 = n - 0*n - p*u. List the prime factors of n.
2, 103
Suppose 0*a - 24096 = -5*a + 22454. List the prime factors of a.
2, 5, 7, 19
Suppose -4*w + 2*k = -2*w - 10, -4*w + 27 = 3*k. Suppose w*z - 526 = -184. Let p = z - 31. List the prime factors of p.
2, 13
Let x = -2 - -2. Let d = 6745 - 6737. What are the prime factors of (-2)/(d/12) - (x - 72)?
3, 23
Let v(u) = -u**2 + 17*u - 30. Let b be v(15). Suppose -g + 4 = 0, b = 4*j + 6*g - g - 60. Let m = j - -1. List the prime factors of m.
11
Let v be (-1)/(((12/11)/(-6))/(-12)). Suppose -j = -158 + 42. Let k = v + j. What are the prime factors of k?
2, 5
Let u(x) = x**3 + 4*x**2 - 8*x - 9. Let b be u(-5). Suppose 1204 = 5*y + p + 284, 5*y = 2*p + 935. Suppose -v = -b*v + y. List the prime factors of v.
37
Suppose -8*k - 8*k + 11040 = 0. Let c = -431 + k. What are the prime factors of c?
7, 37
Let v(c) = 9*c**2 - 7*c - 23. Let t(z) = z**2 - 2*z. Let d(f) = -6*t(f) + v(f). What are the prime factors of d(-16)?
5, 7, 19
Let g = -66 + 10. Let c = g + 147. What are the prime factors of c?
7, 13
Let r(f) = -995*f + 122. List the prime factors of r(-5).
3, 1699
Let m(n) = 5*n**2 - 7*n + 18. Suppose 4*v - s = -28, 2*s - 11 = 5*v + 21. What are the prime factors of m(v)?
2, 197
Suppose -30840 = -u - 2*b, 2*u - 1907 - 59836 = 5*b. What are the prime factors of u?
2, 15427
Let p = -14946 - -24114. What are the prime factors of p?
2, 3, 191
Let k(w) = 4*w - 13*w + 3 + 11*w**2 + 14*w + w**3 - 13. List the prime factors of k(-7).
151
Suppose -7*u = -2 + 44. List the prime factors of 8/u - 7475/(-15).
7, 71
Suppose -3*n - t = -12902, 2*n - 8606 = 2*t - 5*t. What are the prime factors of n?
2, 5, 43
Suppose 3*f + 3114 = 5*u, -5*u + 5*f + 3120 = -0*f. Suppose -177 = -6*v + u. List the prime factors of v.
7, 19
Let d(l) be the second derivative of -9*l**5/4 - l**3/6 + 15*l. Let n be d(1). Let p = n - -79. What are the prime factors of p?
3, 11
Let d(y) = 908*y**2 + 111*y - 1167. List the prime factors of d(9).
2, 3, 5, 1223
What are the prime factors of (1401/(-467))/((-2)/5930)?
3, 5, 593
Let z be ((-20)/(-3))/(10/15). Let m(l) be the second derivative of 7*l**3/6 - 5*l**2 - 325*l. What are the prime factors of m(z)?
2, 3, 5
Let p = -167 - -87. Let v = 187 - p. What are the prime factors of v?
3, 89
Suppose 245780 = 4*z - 76*u + 74*u, 5*u = -30. List the prime factors of z.
2, 31, 991
Suppose 228*g = 229*g + 4*v - 8841, -v + 1 = 0. List the prime factors of g.
8837
What are the prime factors of (-63)/(-42)*(5 + 59548/12)?
7451
Let w be 4/(-32) - (-1068)/96. What are the prime factors of w - (-28068)/36 - (-2)/6?
7, 113
Suppose 230436 = 9*b - 213919 + 54169. What are the prime factors of b?
2, 53, 409
What are the prime factors of 750/120 - (-895461)/12?
2, 3, 691
Suppose 18*k = 13*k + 4*d + 35538, d - 28464 = -4*k. What are the prime factors of k?
2, 3557
Let a = 626 + -560. What are the prime factors of -16*11/(a/(-252))?
2, 3, 7
Let k(o) = o**3 - 4*o**2 - 3*o + 14. Let m be k(4). Suppose -4*z - 209 = -c, m*z + 303 - 86 = c. List the prime factors of c.
3, 5
What are the prime factors of (-91095)/(-12) + 8 + (-7)/28?
3, 17, 149
Let v = -35434 - -67351. List the prime factors of v.
3, 10639
Let j = -4764 + 8692. Suppose 5*q + j + 2572 = 0. List the prime factors of 5*-1*q/125.
2, 13
List the prime factors of 5739*-13*4/(-52).
3, 1913
Let b(v) = 275*v + 2234. List the prime factors of b(33).
43, 263
Suppose -35*z - 4009 = -78051 - 67183. What are the prime factors of z?
3, 5, 269
Suppose 3*d - 4*a = -0*a - 301, -2*d - 3*a - 178 = 0. Let w(x) = 5*x**3 + 2*x**2. Let g be w(-2). Let o = g - d. List the prime factors of o.
3, 7
Let j(v) = -2*v**2 - 4*v + 441. Let o(c) = -c**3 + 28*c**2 + 93*c. Let k be o(31). What are the prime factors of j(k)?
3, 7
Suppose 0 = 236*h - 301*h + 2875340. List the prime factors of h.
2, 11059
Let a = 50557 + -19966. What are the prime factors of a?
3, 11, 103
Let u be ((-1)/1)/(5 + (-16)/4). Suppose -5 = -4*o - o. List the prime factors of (u + o - -2)*24 + -2.
2, 23
Suppose 5*m - 23458 = v, -4*v + 4679 = -29*m + 30*m. List the prime factors of m.
4691
Suppose 9*z = -356*z + 1173176 + 1066099. List the prime factors of z.
3, 5, 409
Suppose -2*i + 831 = 5*r, -3*i + 2*r = -1856 + 600. Suppose i*l - 3395 = 411*l. What are the prime factors of l?
5, 97
Let y(f) = -f**2 + 5*f + 30. Let h be -2 - (0 - 0 - 9/1). Let u be y(h). Let x = 42 + u. List the prime factors of x.
2, 29
Let h = 60 - 10. Suppose -h = r - 53. Suppose -998 = -8*u + 4*u - r*f, -5*u + 3*f = -1261. List the prime factors of u.
251
Let m be (0 - -3*2)/(8 - 10). Let q(x) = 15*x - 7. Let l be q(m). Let z = 101 + l. List the prime factors of z.
7
Let l(a) = -a - 11. Let r be l(-15). Suppose 0*f - 64 = -4*f - 4*z, 4*z = r*f - 88. Let m = 25 - f. List the prime factors of m.
2, 3
Let g = -21 - -25. Suppose -12 = 2*b + 3*i - 0*i, g*b + 12 = -3*i. Suppose 5*q - 5*m - 265 = b, q - 41 = -0*q + 5*m. List the prime factors of q.
2, 7
Suppose 0 = -57*c - 30*c - 14*c + 679730. List the prime factors of c.
2, 5, 673
Let q = -1 -